 remainder when 2230 is divided by 846?
538
Calculate the remainder when 2528733 is divided by 14.
11
Calculate the remainder when 134430 is divided by 13.
10
What is the remainder when 12020 is divided by 101?
1
What is the remainder when 5051 is divided by 189?
137
What is the remainder when 1282 is divided by 97?
21
What is the remainder when 3236 is divided by 9?
5
Calculate the remainder when 21499 is divided by 21439.
60
What is the remainder when 12848977 is divided by 793?
791
What is the remainder when 8204 is divided by 1025?
4
What is the remainder when 30424 is divided by 13?
4
Calculate the remainder when 515 is divided by 276.
239
What is the remainder when 25069 is divided by 3132?
13
Calculate the remainder when 56842 is divided by 30.
22
Calculate the remainder when 283105 is divided by 30.
25
Calculate the remainder when 387791 is divided by 129262.
5
What is the remainder when 32863 is divided by 10914?
121
What is the remainder when 1655 is divided by 221?
108
What is the remainder when 1496568 is divided by 1674?
12
Calculate the remainder when 50072 is divided by 12513.
20
What is the remainder when 20205 is divided by 12?
9
What is the remainder when 102842 is divided by 14?
12
Calculate the remainder when 2091 is divided by 256.
43
Calculate the remainder when 152129 is divided by 184.
145
Calculate the remainder when 7355 is divided by 738.
713
Calculate the remainder when 140065 is divided by 35014.
9
What is the remainder when 17693 is divided by 1027?
234
What is the remainder when 23797 is divided by 119?
116
Calculate the remainder when 8080 is divided by 2693.
1
What is the remainder when 5001 is divided by 13?
9
Calculate the remainder when 18325 is divided by 127.
37
Calculate the remainder when 6502 is divided by 7.
6
Calculate the remainder when 7849 is divided by 52.
49
Calculate the remainder when 67979 is divided by 16993.
7
What is the remainder when 1518 is divided by 268?
178
What is the remainder when 351738 is divided by 916?
910
Calculate the remainder when 721661 is divided by 128.
125
Calculate the remainder when 70443 is divided by 34.
29
What is the remainder when 81366 is divided by 7?
5
What is the remainder when 1504 is divided by 1445?
59
What is the remainder when 16933 is divided by 1866?
139
Calculate the remainder when 59547 is divided by 105.
12
What is the remainder when 554942 is divided by 16?
14
Calculate the remainder when 395937 is divided by 10.
7
What is the remainder when 39036 is divided by 2788?
4
What is the remainder when 11877 is divided by 1485?
1482
Calculate the remainder when 68752 is divided by 60.
52
Calculate the remainder when 64628 is divided by 306.
62
Calculate the remainder when 1423970 is divided by 515.
510
What is the remainder when 29230 is divided by 26?
6
Calculate the remainder when 41171 is divided by 549.
545
Calculate the remainder when 33228 is divided by 810.
18
What is the remainder when 49433 is divided by 214?
213
What is the remainder when 76538 is divided by 43?
41
Calculate the remainder when 6596 is divided by 75.
71
Calculate the remainder when 4812 is divided by 321.
318
Calculate the remainder when 55383 is divided by 293.
6
Calculate the remainder when 9298 is divided by 137.
119
What is the remainder when 2212 is divided by 2205?
7
Calculate the remainder when 509580 is divided by 5.
0
What is the remainder when 879 is divided by 82?
59
What is the remainder when 239453 is divided by 656?
13
Calculate the remainder when 14176 is divided by 15.
1
Calculate the remainder when 3527 is divided by 496.
55
Calculate the remainder when 437254 is divided by 5830.
4
What is the remainder when 1606493 is divided by 16?
13
Calculate the remainder when 5065 is divided by 216.
97
What is the remainder when 4114 is divided by 662?
142
What is the remainder when 215697 is divided by 31?
30
What is the remainder when 222472 is divided by 111233?
6
What is the remainder when 3735 is divided by 923?
43
What is the remainder when 7233 is divided by 91?
44
What is the remainder when 157070 is divided by 505?
15
Calculate the remainder when 5313 is divided by 85.
43
What is the remainder when 52559 is divided by 491?
22
Calculate the remainder when 6528 is divided by 118.
38
Calculate the remainder when 29808 is divided by 116.
112
Calculate the remainder when 60111 is divided by 717.
600
What is the remainder when 1343615 is divided by 42?
35
What is the remainder when 1122 is divided by 175?
72
Calculate the remainder when 151759 is divided by 2137.
32
Calculate the remainder when 16404 is divided by 27.
15
Calculate the remainder when 4578 is divided by 1521.
15
Calculate the remainder when 676 is divided by 138.
124
What is the remainder when 9612 is divided by 1067?
9
What is the remainder when 6970 is divided by 5427?
1543
Calculate the remainder when 29746 is divided by 213.
139
Calculate the remainder when 16127 is divided by 61.
23
What is the remainder when 5921 is divided by 549?
431
Calculate the remainder when 8499 is divided by 142.
121
What is the remainder when 420 is divided by 240?
180
Calculate the remainder when 31554 is divided by 509.
505
Calculate the remainder when 12965 is divided by 12953.
12
Calculate the remainder when 2681312 is divided by 54.
50
Calculate the remainder when 6580 is divided by 1314.
10
Calculate the remainder when 23009 is divided by 2867.
73
Calculate the remainder when 1406 is divided by 592.
222
Calculate the remainder when 22985 is divided by 479.
472
Calculate the remainder when 676622 is divided by 395.
382
What is the remainder when 14254 is divided by 475?
4
What is the remainder when 20377 is divided by 48?
25
What is the remainder when 5695 is divided by 5663?
32
Calculate the remainder when 8139 is divided by 7959.
180
What is the remainder when 287650 is divided by 763?
762
What is the remainder when 2450 is divided by 2425?
25
What is the remainder when 23580 is divided by 253?
51
Calculate the remainder when 179689 is divided by 187.
169
What is the remainder when 55804 is divided by 1993?
0
Calculate the remainder when 81901 is divided by 1950.
1
What is the remainder when 441259 is divided by 177?
175
What is the remainder when 11843 is divided by 77?
62
Calculate the remainder when 203 is divided by 84.
35
Calculate the remainder when 2757 is divided by 918.
3
What is the remainder when 49762 is divided by 37?
34
Calculate the remainder when 411712 is divided by 58.
28
Calculate the remainder when 73 is divided by 59.
14
Calculate the remainder when 12144 is divided by 224.
48
What is the remainder when 6703 is divided by 79?
67
What is the remainder when 6924 is divided by 368?
300
What is the remainder when 19896 is divided by 99?
96
Calculate the remainder when 4350 is divided by 2077.
196
What is the remainder when 78017 is divided by 166?
163
What is the remainder when 22901 is divided by 7607?
80
What is the remainder when 108844 is divided by 324?
304
What is the remainder when 1213 is divided by 11?
3
Calculate the remainder when 15988 is divided by 18.
4
What is the remainder when 23915 is divided by 32?
11
Calculate the remainder when 1327 is divided by 95.
92
Calculate the remainder when 13569 is divided by 116.
113
Calculate the remainder when 23681 is divided by 3375.
56
Calculate the remainder when 245782 is divided by 133.
131
What is the remainder when 2940 is divided by 286?
80
Calculate the remainder when 5637 is divided by 42.
9
Calculate the remainder when 21057 is divided by 270.
267
Calculate the remainder when 11427 is divided by 18.
15
Calculate the remainder when 2476989 is divided by 57.
54
Calculate the remainder when 4195 is divided by 166.
45
Calculate the remainder when 4581 is divided by 8.
5
What is the remainder when 29068 is divided by 51?
49
Calculate the remainder when 12759 is divided by 510.
9
What is the remainder when 15122 is divided by 3762?
74
Calculate the remainder when 59019 is divided by 8.
3
What is the remainder when 2211 is divided by 2044?
167
What is the remainder when 7512 is divided by 2333?
513
What is the remainder when 12482 is divided by 12472?
10
Calculate the remainder when 59120 is divided by 6565.
35
What is the remainder when 5075